- 882*c - 169202. Give h(-600).
-2
Let l(a) = a**3 - 853*a**2 - 332900*a + 1162. Determine l(-291).
-2
Let w(k) = 1011*k + 36603. Calculate w(-36).
207
Let v(t) = -3054*t - 18480. Calculate v(-6).
-156
Let r(h) = -199*h**2 - 5430*h - 1581. What is r(-27)?
-42
Let a(w) = 3*w**3 - 66*w**2 + 150*w - 648. What is a(20)?
-48
Let k(q) = -3*q**3 - 20*q**2 + 38*q - 1145. Calculate k(-11).
10
Let a(b) = -6278*b - 31341. Determine a(-5).
49
Let f(t) = 14*t**3 + 47*t**2 - 1443*t + 144. Give f(-12).
36
Let v(s) = -5*s**3 + 10*s**2 + 15*s + 17. Calculate v(-3).
197
Let l(y) = -32*y**3 - 345*y**2 + 81*y + 86. Calculate l(-11).
42
Let p(v) = -354*v**2 - 1047*v - 25. Calculate p(-3).
-70
Let o(u) = -50*u**2 + 1313*u + 81. Calculate o(26).
419
Let n(h) = 12462*h + 647998. Calculate n(-52).
-26
Let m(o) = 33*o**2 + 893*o + 4647. Give m(-20).
-13
Let q(i) = i**3 - 107*i**2 + 2506*i + 1017. Calculate q(72).
9
Let k(v) = -339*v - 578. Give k(0).
-578
Let m(o) = -o**3 + 149*o**2 - 640*o + 8443. Determine m(145).
-257
Let d(i) = 364844*i + 3648426. Calculate d(-10).
-14
Let s(y) = 20*y**3 - y**2 + 8*y - 1. What is s(4)?
1295
Let k(n) = -7*n**3 - 132*n**2 + 81*n + 26. Determine k(-19).
-1152
Let r(h) = -h**3 + 64*h**2 - 98*h + 1478. What is r(63)?
-727
Let z(q) = -q**2 + 92*q + 35920. Give z(241).
11
Let n(m) = m**3 + 7*m**2 - 132*m - 717. Determine n(11).
9
Let y(a) = -3*a**3 - 4*a**2 + 6*a - 40. What is y(4)?
-272
Let v(c) = 13000*c - 4693013. What is v(361)?
-13
Let z(o) = -11*o**2 - 1404*o + 124. Determine z(-126).
2392
Let b(y) = 10*y**3 - 112*y**2 + 1262*y - 5712. Determine b(6).
-12
Let g(z) = 3*z**3 + 294*z**2 - 316*z - 1965. What is g(-99)?
-84
Let g(p) = -57*p**3 - 2*p**2 - 50*p + 110. Give g(2).
-454
Let a(g) = g**2 + 173*g + 1311. Calculate a(-149).
-2265
Let d(m) = -10886*m + 348345. Calculate d(32).
-7
Let x(j) = 154*j**2 + 4747*j + 14244. Calculate x(-3).
1389
Let q(n) = 32*n**2 - 676*n + 3149. Determine q(7).
-15
Let x(c) = c**3 + 113*c**2 - 231*c - 168. Calculate x(-115).
-53
Let t(o) = -475*o - 345329. What is t(-727)?
-4
Let f(a) = 2445*a + 200473. Determine f(-82).
-17
Let c(y) = -y**3 + 12*y**2 - 89*y + 519. What is c(8)?
63
Let p(u) = u**3 - 1129*u**2 + 198599*u - 1009. Give p(911).
-98
Let n(l) = 2*l**3 + 15*l**2 - 50*l + 233. Calculate n(4).
401
Let w(t) = -2555*t + 30429. Calculate w(12).
-231
Let w(h) = 24219*h - 35. Give w(0).
-35
Let m(u) = 7*u**2 + 592*u + 267. Give m(-87).
1746
Let i(c) = 12*c**3 + 112*c**2 - 237*c + 6. What is i(-11)?
193
Let d(y) = 368*y + 38916. Determine d(-111).
-1932
Let z(j) = -j**3 - 14*j**2 - 18*j - 164. Determine z(-13).
-99
Let q(a) = -a**2 + 212*a - 2655. Determine q(163).
5332
Let n(w) = -134*w**2 - 3096*w - 5679. Determine n(-2).
-23
Let c(v) = 12077*v + 12080. Calculate c(-1).
3
Let f(s) = 2492*s - 8. Give f(0).
-8
Let u(c) = -2*c**3 - 115*c**2 + 8804*c + 510986. What is u(-61)?
-11
Let b(z) = 29403*z + 440508. Determine b(-15).
-537
Let u(n) = 13*n**3 - 5*n**2 - 99*n + 386. What is u(4)?
742
Let n(w) = -w**2 - 12034*w - 72169. What is n(-6)?
-1
Let o(p) = 5*p**2 + 4100*p + 95512. Determine o(-796).
-8
Let v(k) = -k**3 + 86*k**2 - 1009*k + 3112. Determine v(7).
-80
Let j(m) = -m**2 - 653*m + 713324. Give j(579).
-4
Let q(g) = -2*g**3 + 276*g**2 - 7730*g + 253. Determine q(39).
-59
Let g(p) = -7*p**2 + 1821*p + 10853. Determine g(-6).
-325
Let a(p) = -15*p**2 + 349*p - 722. Give a(21).
-8
Let l(c) = -7*c**3 + 139*c**2 - 4511*c + 90628. Determine l(20).
8
Let v(o) = 332*o - 44476. What is v(134)?
12
Let n(y) = 581*y**2 - 81*y + 3. Give n(2).
2165
Let d(x) = 1017*x - 148. What is d(0)?
-148
Let v(u) = -u**3 - 16*u**2 - 735*u - 9920. Determine v(-14).
-22
Let k(o) = o**2 + 126*o - 22465. Calculate k(98).
-513
Let v(n) = n**2 - 391*n + 3465. Calculate v(9).
27
Let j(y) = y**3 - 81*y**2 - 83*y + 1175. Give j(82).
1093
Let d(i) = -i**3 + 2*i**2 + 58*i - 267. Calculate d(7).
-106
Let r(w) = 2*w**3 - 178*w**2 - 154*w - 2318. Calculate r(90).
22
Let c(r) = -r**2 + 27314*r - 54627. What is c(2)?
-3
Let l(v) = 177*v**2 + 9787*v - 9787. Give l(1).
177
Let n(m) = -m**3 - 30*m**2 + 1076*m - 3493. Determine n(-52).
43
Let a(q) = q**2 + 64*q + 663. Calculate a(-18).
-165
Let b(w) = -5*w**2 - 17*w + 23. Determine b(0).
23
Let f(a) = -5*a**3 - 64*a**2 - 51*a - 49. Calculate f(-12).
-13
Let d(l) = -380*l**2 + 3972*l - 1734. Calculate d(10).
-14
Let g(o) = o**3 - 23*o + 29. What is g(9)?
551
Let a(s) = 25*s**2 - 339*s + 199. Calculate a(14).
353
Let j(g) = -4*g**2 - 263*g - 1014. Give j(-62).
-84
Let o(y) = -y**3 + 16*y**2 - 23*y + 283. Determine o(15).
163
Let u(t) = 36090*t - 36097. Determine u(1).
-7
Let m(h) = 160*h - 49929. Give m(313).
151
Let j(p) = 902*p - 39051. Calculate j(43).
-265
Let h(y) = y**2 - 117*y + 2844. Calculate h(98).
982
Let p(h) = 37511*h - 187457. Determine p(5).
98
Let w(s) = 13*s**2 + 5931*s + 35128. Give w(-6).
10
Let u(x) = -7320*x + 584813. Determine u(80).
-787
Let d(m) = -2*m**2 + 1575*m + 20361. Determine d(-13).
-452
Let t(y) = 3*y**2 - 11256*y - 33776. What is t(-3)?
19
Let m(h) = -4*h**2 - 167*h - 1086. Calculate m(-43).
-1301
Let q(k) = 360*k**2 + 4625*k + 8. Calculate q(-13).
723
Let r(j) = 129*j**3 - 2*j**2 - 26*j + 49. Determine r(2).
1021
Let u(m) = -102*m - 6937. What is u(-68)?
-1
Let s(x) = -5776*x - 5700. Give s(-1).
76
Let b(i) = 5*i**2 + 418*i + 886. Give b(-81).
-167
Let z(t) = 2535*t - 9517. Give z(2).
-4447
Let d(l) = 2459*l**2 - 86031*l - 1197. Calculate d(35).
-7
Let w(d) = -2213*d - 11577. Give w(-5).
-512
Let p(g) = -8*g**2 - 46*g - 45. What is p(-5)?
-15
Let z(c) = 2*c**2 - 2421*c - 44219. What is z(-18)?
7
Let n(x) = -x**3 + 585*x**2 - 2266*x - 33698. Determine n(581).
0
Let h(u) = u**3 + 202*u**2 + 397*u - 589. Determine h(-200).
11
Let o(d) = -34*d**3 - 3534*d**2 - 211*d - 43569. What is o(-104)?
7
Let h(c) = 61*c - 12381. Give h(198).
-303
Let g(q) = -4*q**2 - 166*q - 26. What is g(-41)?
56
Let a(w) = 7242*w + 94125. What is a(-13)?
-21
Let t(c) = -c**2 + 211*c - 4775. Determine t(184).
193
Let y(f) = 53*f**2 + 3839*f + 1654. Calculate y(-72).
-2
Let r(j) = 9115*j - 1750083. What is r(192)?
-3
Let s(d) = d**3 + 9*d**2 - 69*d + 182. Determine s(-18).
-1492
Let j(o) = o**2 + 27771*o + 942827. Calculate j(-34).
-231
Let d(p) = -31620*p + 189810. Determine d(6).
90
Let p(z) = -z**3 + 56*z**2 + 151*z - 22579. Calculate p(50).
-29
Let d(c) = c**3 - 57*c**2 + 1014*c - 71702. Give d(60).
-62
Let f(c) = -17770*c - 108154. Determine f(-6).
-1534
Let y(r) = -11227*r + 22373. What is y(2)?
-81
Let z(h) = -899*h + 819. What is z(1)?
-80
Let y(f) = 2*f**3 + 165*f**2 - 83*f - 15. What is y(0)?
-15
Let d(g) = -g**3 + 146*g**2 + 439*g + 287. What is d(-2)?
1
Let l(t) = 4*t**2 - 2167*t + 291177. Calculate l(295).
12
Let z(n) = -942*n + 5549. Calculate z(6).
-103
Let z(k) = k**3 + 90*k**2 + 965*k + 1035. What is z(-11)?
-21
Let l(j) = 16000*j + 2063998. Calculate l(-129).
-2
Let y(u) = 84679*u - 4403325. Give y(52).
-17
Let a(t) = 97*t**2 + 196*t - 198. Determine a(1).
95
Let q(u) = 55724*u + 278629. Determine q(-5).
9
Let m(a) = -34*a**2 - 1931*a + 1342. Calculate m(-58).
-1036
Let k(h) = -54419*h - 54356. What is k(-1)?
63
Let y(v) = -v**3 + 60*v**2 + 1285*v - 45822. Give y(69).
-6
Let y(w) = -5*w**3 + 31*w**2 - 687*w + 4084. Calculate y(6).
-2
Let n(v) = 3751*v + 791449. Give n(-211).
-12
Let o(p) = -37*p**2 - 2793*p + 1438. Give o(-76).
-6
Let y(u) = -2*u**3 + 25*u**2 - 126*u + 1874. Give y(13).
67
Let o(y) = -2*y + 108. What is o(48)?
12
Let l(w) = 32*w**3 - 960*w**2 + 1044*w - 31314. Calculate l(30).
6
Let x(h) = -h**2 - 374*h - 4979. Calculate x(-14).
61
Let g(w) = 1021*w - 57144. Give g(56).
32
Let b(u) = -900*u - 25159. Determine b(-28).
41
Let l(q) = q**3 - 3*q**2 - 1309*q + 833. What is l(-35)?
98
Let y(t) = -4*t**2 - 272*t + 1365. Calculate y(-73).
-95
Let d(s) = -64*s**2 + 823*s - 49. What is d(14)?
-1071
Let c(s) = 308*s - 16219. Calculate c(59).
1953
Let j(s) = -125823*s + 629224. Give j(5).
109
Let x(d) = 20*d**2 - 166*d - 152. What is x(9)?
-26
Let s(a) = -3*a**3 - 6*a**2 - 14*a + 53. Calculate s(-5).
348
Let p(i) = 17*i**2 + 72*i + 115. Determine p(-2).
39
Let m(b) = b**3 - 144*b**2 + 285*b - 157. What is m(142)?
-15
Let z(l) = -767*l + 697. Give z(1).
-70
Let t(c